ctor of 153 and p.
17
Let k = 30099 - 30077. Calculate the greatest common factor of k and 26279.
11
Let j be (2 + -9)/(11 + -12). Suppose 1349 = j*f + 159. What is the highest common divisor of f and 51?
17
Let g(q) = -52*q**2 + 2*q - 2. Let s be g(1). Let u = 98 + s. What is the highest common factor of u and 46?
46
Let i(n) = -5*n**3 - 2*n**2 - 12*n + 621. Let c be i(0). Calculate the greatest common factor of 184 and c.
23
Let m(i) = 7*i**2 - 3. Let k be m(3). Let n(p) = -p**3 - 5*p**2 - 2*p + 6. Let u be n(-5). Let w be 3*9/(36/u). Calculate the greatest common factor of w and k.
12
Let g(o) = 1303*o**3 + 2*o**2 + 45*o - 47. Let u be g(1). Calculate the greatest common divisor of u and 2.
1
Suppose -l + 12 = j, 0 = 2*j - l + 12 - 42. Suppose -3*d - 2*r = d - 44, r + j = d. Let v = d + 36. What is the greatest common factor of v and 6?
6
Suppose -4*z = -4*u + 168, -2*u + 5*z + 78 = -0*u. Calculate the greatest common factor of 1122 and u.
22
Let s be (-85)/40*2*-32. What is the highest common divisor of s and 425?
17
Suppose -9*z - 41*z = 1150. Let p(b) = -6*b + 51. Let u be p(z). Calculate the highest common factor of 14 and u.
7
Let z = 14723 - 13465. What is the highest common factor of 578 and z?
34
Suppose 0 = -8*j + 10*j + 5*q - 5925, 2*j - 2*q = 5890. What is the greatest common factor of j and 50?
50
Let o be (-1 + -8)/3 + 6. Suppose -4*v + 7*a - 3*a = -124, -o*a - 67 = -2*v. Let l be (-2 + v)*2/((-4)/(-5)). Calculate the highest common divisor of 150 and l.
30
Let c be ((-6 - 2) + 66/(-9))*-6. What is the greatest common divisor of 4186 and c?
46
Let f be 1*331 - (-6 + 2 + 1). Suppose f*y - 245 = 329*y. Calculate the highest common divisor of 1421 and y.
49
Let h(t) = 253*t - 985. Let c be h(5). Calculate the greatest common divisor of 15 and c.
5
Let p(r) = -27*r + 380. Let l be p(14). Let h be l*11/(66/192). What is the greatest common factor of h and 20?
4
Let z = -6190 + 10480. Calculate the highest common factor of z and 264.
66
Let i(d) = 5*d**2 + d - 3. Let y be i(7). Let f = y + -172. Suppose r = 2*r - 11. What is the greatest common divisor of f and r?
11
Let g = -578 + 684. Suppose -g = -10*d + 114. Let c = 293 + -73. What is the greatest common divisor of c and d?
22
Let r be 0/(1/1)*1. Let y be 2 - 0 - r - -75. Let w(h) = -56*h - 12018. Let a be w(-215). Calculate the highest common factor of a and y.
11
Let k be 39 - 45*18/(-90). Let y be 15/1 - (-2)/2. Calculate the greatest common divisor of y and k.
16
Let z be (-2)/(-9)*(-954)/(-212)*3. Calculate the greatest common factor of 1104 and z.
3
Let r = 13861 + -13801. Let g(j) = -2 - 5*j - j**3 + j + 9*j**2 + 0. Let a be g(8). Calculate the highest common divisor of r and a.
30
Let f be ((1599/(-26))/1)/3*(-87 - -1). Calculate the greatest common factor of 344 and f.
43
Let k be (-9)/(-6) - 920/(-80). What is the greatest common factor of 12532 and k?
13
Let u = -80 + 81. Let t be (35 - 24) + u + 0. Let w be 13 - t - (-32 + -1). Calculate the highest common factor of 51 and w.
17
Let n = -5483 + 5608. What is the highest common divisor of n and 7250?
125
Let b(x) = 8*x**2 + 28*x + 11. Let i be b(-7). Let d = 222 - i. Suppose -z - 30 = -4*z. What is the greatest common divisor of z and d?
5
Let d = 68 + -61. Suppose d*v - 39 = -11. Suppose -3*x - 32 = -v*w + 12, -x - 38 = -3*w. Calculate the greatest common divisor of w and 14.
14
Let y be -2 + ((-4)/2)/((-2)/7). Suppose -4*f = -142*x + 146*x - 584, 288 = 2*x - 2*f. Calculate the highest common divisor of y and x.
5
Let s = -6982 - -7016. What is the highest common divisor of 4454 and s?
34
Let b be (-1047620)/(-98) - (0/(0 + 2))/2. Calculate the highest common factor of b and 10.
10
Suppose -110*d + 630724 + 1261826 = 0. What is the greatest common divisor of 155 and d?
155
Let x = 373 - 378. Let i(o) = -2*o**3 - 3*o**2 + 15. Let r be i(x). What is the highest common divisor of 20 and r?
10
Suppose -z - 3*y + 172 = -4*y, 352 = 2*z - 4*y. Calculate the greatest common divisor of z and 2072.
56
Let w(b) = -2*b. Let s(p) = 7*p - 11. Let x(l) = s(l) + 2*w(l). Let a be x(8). Calculate the highest common factor of 39 and a.
13
Let m = 1093 + -1065. What is the greatest common divisor of 1393 and m?
7
Let p(k) = 3*k**2 - 2*k - 11. Let f be p(6). Suppose 50 = -x + f. Calculate the greatest common divisor of x and 14.
7
Let q(j) = -356*j - 116. Let g be q(-13). Calculate the highest common factor of g and 16.
16
Suppose -3*h = h. Suppose -i + 1 = h, -2*x + 40 = -0*x - 2*i. Let y be 3/(-12) + (-170)/(-8). What is the greatest common divisor of x and y?
21
Suppose i = -6*i + 63. Suppose -5*k - d = -721, -5*k - 3*d = -5*d - 718. Calculate the greatest common factor of i and k.
9
Let h be 1*6*(-7)/42. Let t(k) = 9*k**2 + 4*k + 5. Let m be t(h). What is the highest common divisor of m and 65?
5
Let g(l) = 31*l - 114. Suppose -30*x = -34*x + 24. Let p be g(x). Calculate the highest common factor of p and 45.
9
Let p be 7/(-1)*(-8 + 9). Let x be 7*-2*(p - -5). Let w = 17 + -10. What is the greatest common divisor of w and x?
7
Let f(w) = -82*w - 753. Let z be f(-14). Calculate the highest common divisor of z and 1501.
79
Suppose -4*d - a + 9 = -0*a, 0 = 2*d - a - 3. Let z = 118 - 115. Suppose d*h = -z*h + 140. Calculate the highest common divisor of h and 7.
7
Let k be 112/40*10/4. Let q be 86/k - 4/14. What is the highest common factor of 15 and q?
3
Let d(f) = 111*f**2 - 530*f + 5. Let m be d(5). What is the greatest common factor of 1010 and m?
10
Let g = 357 - -116. Let o = g + -294. Suppose 0 = 2*x - 8, -5*n + 3*x - 4*x = -o. What is the greatest common divisor of 5 and n?
5
Suppose m = 12*r - 11*r - 188, m = 5*r - 964. Calculate the highest common factor of 2 and r.
2
Let s(n) = -5*n**2 + 8*n**2 + 5*n**2 - 3*n - 21 - 5*n**2. Let z be s(6). Let f = -65 + z. Calculate the greatest common divisor of f and 12.
4
Let s be ((-4)/(12/81))/((-288)/3744). Calculate the highest common factor of s and 624.
39
Let y(g) = -2*g - 1 + g - 4. Let m be y(-9). Suppose 0 = -5*z - m*f + 44, f + 3 = z - 4. Calculate the greatest common divisor of 28 and z.
4
Let z be -5 + 126/24 + (1 - 92595/(-20)). What is the greatest common factor of 22 and z?
11
Let j(s) = 3*s**2 - 1. Let q = -12 - -15. Let x be j(q). Suppose -2*a = 3*k - 115, -a - 4*k = -8*k - 85. Calculate the highest common factor of a and x.
13
Suppose 0 = 3*a + 3*p - 9, -2*p - 2*p = -3*a - 19. Let r(x) = 38*x**2 - 3*x. Let s be r(a). Calculate the greatest common divisor of 410 and s.
41
Let k(z) be the second derivative of 2*z + 5/6*z**3 + 1/12*z**4 - 30 - 4*z**2. Let r be k(3). What is the greatest common divisor of r and 12?
4
Let s(d) = 2*d**2 + 88*d + 897. Let i be s(-16). Calculate the highest common factor of i and 3993.
1
Let h be 4/(-18) + (-5854)/(-18). Suppose -78*j = -95*j + 221. What is the highest common factor of h and j?
13
Let w be 10/6 + -3 - 2/(-6). Let t(s) = 5*s - 73. Let r be t(11). Let v be (r/(-6))/(w/((-44)/6)). What is the highest common factor of v and 22?
22
Suppose 482*k - 155*k = 2943. Calculate the highest common divisor of 246 and k.
3
Suppose 5*z - 968 = 3*a + 621, -2*a - 6 = 0. What is the highest common factor of 1975 and z?
79
Let j be (-6402)/(-20) + (-7225)/(-250) + -29. Calculate the greatest common factor of 3232 and j.
32
Suppose -62*w + 130 + 362 + 562 = 0. Let p be 0 + 4/(4/51). What is the highest common divisor of w and p?
17
Let n = 3575 - 3531. What is the highest common divisor of n and 682?
22
Suppose -370*s = -368*s + 2, -41 = -4*d + s. Calculate the greatest common divisor of 92 and d.
2
Let n = 69 + -29. Let k(a) = -2*a**3 + 19*a**2 + 78*a - 560. Let b be k(10). Calculate the greatest common divisor of n and b.
40
Let j = 271 + -231. Suppose -42*q + j*q = -864. Calculate the highest common divisor of 54 and q.
54
Suppose 0 = -5*u + 8*u + 5*p - 10, 5*u - 4 = -2*p. Suppose u = -2*g + 115 + 221. Calculate the greatest common divisor of 48 and g.
24
Let b = -16685 - -16718. Calculate the greatest common factor of 10923 and b.
33
Let r(s) = -38*s - 26. Let d be r(-3). Let a = d - 70. Calculate the highest common divisor of a and 72.
18
Let n(p) = 37*p - 10. Suppose 19 - 5 = 2*a. Let t be n(a). Suppose 13*h = t - 41. Calculate the highest c